25.
1339
Calculate the highest common factor of 12964000 and 202300.
700
What is the greatest common divisor of 7308 and 20885220?
1044
Calculate the highest common divisor of 4684062 and 16119.
597
What is the greatest common divisor of 899010 and 10080?
630
What is the highest common divisor of 505293 and 1591?
43
What is the highest common divisor of 50874557 and 17?
17
Calculate the highest common divisor of 3072 and 94566.
6
What is the greatest common divisor of 1032 and 1917?
3
What is the highest common factor of 52 and 82589923?
13
Calculate the greatest common factor of 817207 and 833.
17
Calculate the greatest common factor of 192 and 5211408.
48
Calculate the greatest common factor of 2582724 and 1644.
1644
What is the greatest common divisor of 572 and 141596884?
572
Calculate the greatest common factor of 14500728 and 1350.
54
Calculate the highest common factor of 1076560 and 6032.
16
What is the highest common divisor of 485869 and 3924110?
563
Calculate the highest common divisor of 21090 and 7884145.
3515
What is the greatest common divisor of 1240 and 6791914?
62
What is the greatest common divisor of 8271673 and 17?
17
What is the greatest common factor of 104469855 and 210?
105
What is the highest common factor of 5145 and 26355?
105
What is the greatest common factor of 118736674 and 4214?
602
What is the greatest common factor of 1430 and 1118520?
130
Calculate the greatest common divisor of 11 and 32002.
1
What is the greatest common divisor of 1073721715 and 55?
55
Calculate the greatest common divisor of 117093 and 456159.
69
Calculate the greatest common factor of 306 and 3210603.
51
What is the highest common factor of 7911007 and 1517?
37
Calculate the greatest common divisor of 11663816 and 7738.
106
Calculate the greatest common factor of 259077 and 1109316.
507
What is the highest common divisor of 5457 and 140035715?
1819
What is the greatest common divisor of 1648 and 22821401?
103
What is the highest common divisor of 1036 and 631183?
259
What is the highest common factor of 54 and 410347566?
54
What is the highest common factor of 17975001 and 66?
33
What is the highest common factor of 52 and 17679857?
13
What is the greatest common factor of 57427713 and 189?
63
What is the highest common divisor of 14305400 and 25?
25
What is the greatest common factor of 2338 and 23559358?
334
Calculate the highest common divisor of 366088 and 2144.
536
Calculate the greatest common factor of 80798 and 1061185.
569
Calculate the greatest common divisor of 6764 and 1982609568.
6764
Calculate the greatest common factor of 74087 and 13811596.
139
What is the greatest common factor of 26404297 and 3357?
373
What is the greatest common divisor of 10400 and 9203168?
416
What is the greatest common factor of 206220 and 120316?
28
Calculate the greatest common divisor of 34 and 51831742.
34
What is the greatest common divisor of 12310 and 21466178?
2462
What is the greatest common divisor of 18842738 and 14882?
2126
Calculate the highest common divisor of 703573 and 6617.
13
Calculate the greatest common factor of 251623341 and 867.
867
What is the highest common factor of 147 and 793779469?
49
Calculate the highest common divisor of 139930 and 1760.
10
What is the greatest common factor of 13658093 and 57?
19
What is the highest common divisor of 452605 and 201085?
655
Calculate the highest common factor of 760820438 and 9688.
2422
What is the greatest common factor of 4293 and 8973?
9
What is the highest common divisor of 129507 and 18522?
147
What is the greatest common divisor of 56921500 and 500?
500
Calculate the greatest common factor of 16562 and 1654.
2
Calculate the greatest common divisor of 50866662 and 1386.
462
What is the greatest common factor of 13159657 and 483?
161
Calculate the highest common factor of 232327809 and 36.
9
What is the highest common factor of 230 and 505182120?
230
Calculate the highest common factor of 19832 and 417064.
296
Calculate the highest common factor of 952 and 31331.
17
What is the highest common divisor of 607617 and 378?
9
Calculate the greatest common factor of 10319871 and 1290.
129
What is the greatest common factor of 12597 and 568191?
663
What is the greatest common factor of 3710687638 and 7?
7
What is the highest common divisor of 324 and 27381414?
6
Calculate the greatest common divisor of 460 and 51887540.
460
What is the greatest common factor of 148472 and 949556?
1108
Calculate the highest common divisor of 1 and 4027591.
1
What is the greatest common divisor of 154 and 2128511?
77
What is the highest common factor of 688 and 13010?
2
Calculate the highest common divisor of 275 and 156334200.
275
What is the greatest common divisor of 110 and 25561448?
22
Calculate the greatest common factor of 25613350 and 154.
14
Calculate the highest common factor of 69 and 1291910.
23
What is the highest common divisor of 42 and 113362?
2
Calculate the highest common divisor of 55181 and 25144.
7
Calculate the greatest common factor of 33102267 and 5566.
253
Calculate the greatest common factor of 5350 and 20301110.
1070
What is the greatest common factor of 3840 and 660224?
256
Calculate the greatest common divisor of 2771 and 5749662.
163
Calculate the greatest common factor of 665859 and 675.
3
What is the highest common divisor of 4464052 and 100?
4
What is the greatest common divisor of 5945 and 5067518?
1189
Calculate the greatest common divisor of 4482016 and 38092.
428
What is the greatest common factor of 33301807 and 77?
77
What is the highest common factor of 99 and 79983?
9
What is the greatest common factor of 261859 and 650?
13
Calculate the highest common divisor of 1759798 and 16140.
538
What is the greatest common divisor of 22800475 and 13775?
475
What is the highest common factor of 74523920 and 3196?
68
Calculate the greatest common factor of 576453 and 221.
17
What is the greatest common divisor of 69913426 and 627?
209
Calculate the highest common divisor of 4665 and 6589395.
15
What is the highest common factor of 60074209 and 442?
221
Calculate the greatest common factor of 11598591 and 489.
489
Calculate the highest common factor of 5911 and 45993748.
257
Calculate the highest common factor of 3838 and 98071.
101
Calculate the highest common divisor of 2086763778 and 198.
198
What is the highest common divisor of 8266553 and 31?
31
Calculate the highest common factor of 20413920 and 142.
142
What is the highest common divisor of 1440 and 291?
3
What is the highest common factor of 20 and 2518745?
5
What is the greatest common factor of 4831587 and 4301?
391
What is the greatest common divisor of 1172 and 125111?
293
What is the greatest common divisor of 254 and 3705733?
127
Calculate the highest common factor of 405 and 30503400.
15
What is the greatest common divisor of 303 and 8157972?
303
Calculate the highest common divisor of 408037 and 4718.
7
Calculate the greatest common divisor of 90640 and 22550.
110
Calculate the highest common divisor of 2010 and 2448046.
134
What is the greatest common divisor of 1968 and 166427364?
492
What is the greatest common factor of 29759624 and 133?
19
What is the greatest common divisor of 3246030 and 615?
15
What is the highest common factor of 13706 and 99792?
154
Calculate the greatest common divisor of 73479331 and 155.
31
Calculate the highest common divisor of 458308971 and 46.
23
Calculate the greatest common divisor of 1653008 and 31920.
112
Calculate the highest common divisor of 570 and 46038450.
30
What is the highest common factor of 3244124 and 286?
26
Calculate the highest common divisor of 552 and 3894981.
69
What is the highest common divisor of 1118 and 967972226?
1118
Calculate the greatest common factor of 1161540 and 22227.
717
What is the greatest common divisor of 18063845 and 1905?
635
Calculate the greatest common divisor of 682972730 and 5.
5
What is the highest common factor of 54208 and 33547584?
448
What is the highest common factor of 287521072 and 1368?
152
Calculate the greatest common divisor of 1728 and 7197376.
64
What is the greatest common divisor of 172120 and 2818796?
1324
Calculate the highest common divisor of 351294 and 1002.
6
Calculate the greatest common divisor of 366